What is the tens digit of p?
3
Suppose -3*c - 29 + 1070 = 0. What is the units digit of c?
7
Let u(f) = -f**2 + 7*f - 3. Let w be u(3). Let d(i) be the first derivative of -i**3/3 + 5*i**2 - 2*i - 8. What is the units digit of d(w)?
7
Let n(x) = x**2 + x + 4. Let q be n(0). Suppose d + 11 = 3*d + v, -2*d = -4*v + q. What is the units digit of d?
4
Suppose -12 = -x - 0*x. Suppose 0 = -b + 4*b + x. What is the units digit of 10 - b*(-1)/2?
8
Let t = -8 + 19. Suppose -b + 5*d = t, -b - 8 = -0*d - 4*d. Let q = 6 - b. What is the units digit of q?
2
Let p be 0 + (4 - 4 - 4). Let q(z) = -z**2 + z - 20. Let i be q(0). Let r = p - i. What is the tens digit of r?
1
Suppose -4 = -4*i + 6*i. Let x be 12/8 - i/(-4). Suppose -v - x + 4 = 0. What is the units digit of v?
3
Suppose 3*t = m + 762, -2*t + 1271 = 3*t - 2*m. What is the hundreds digit of t?
2
Let u(d) = -d**2 - 5*d + 7. Let i be u(-6). What is the tens digit of 1*-3 - (-14)/i?
1
What is the units digit of (3/6)/(3/294)?
9
Let x = 16 - 11. Suppose u - 5*d - 31 = 0, x*d + 67 = 5*u + 2*d. What is the tens digit of u?
1
Let r(y) = -y**3 + y**2 + y. Let f(i) be the third derivative of i**5/60 + 7*i**4/24 - i**3/6 + 2*i**2. Let j be f(-7). What is the units digit of r(j)?
1
Let u(z) = -3*z + 4. Let i be u(2). Let m = 15 - i. What is the tens digit of m?
1
Let a be (-5)/1*6/(-5). Let n(c) = -c + 3. Let i be n(a). What is the units digit of (5 + 7)/((-2)/i)?
8
What is the units digit of (8/10)/((-2)/(-60))?
4
Let u = -100 + 211. What is the hundreds digit of u?
1
Suppose g - 2*l - 24 = -3*g, -g + 1 = 2*l. Let f = 9 - g. What is the units digit of f?
4
Let m(u) = u - 5. Let b be m(-7). Let r = -51 + 31. Let p = b - r. What is the units digit of p?
8
Let q = -3 + 36. Suppose 4*h + q - 97 = -2*w, 0 = -4*h - 8. Suppose 33 = 3*u - 10*s + 5*s, 4*u - w = 4*s. What is the units digit of u?
6
Suppose -3*a + 2*a + 107 = 0. What is the units digit of a?
7
What is the units digit of (1/1 - (-230 - 6))/1?
7
Suppose -4*n = -28 + 4. What is the units digit of (-135)/6*(-8)/n?
0
Let c be 2 - (-1 - (0 - 0)). Suppose c*n + 2*n - 70 = 0. What is the tens digit of n?
1
Let r = 0 - -2. Suppose -r*m + 8 = 2*m. Suppose -m + 5 = z. What is the units digit of z?
3
Let u(c) = c**2 + 9*c - 10. Let v be 5/20 - (-98)/(-8). What is the tens digit of u(v)?
2
Let i = 6 - 2. Suppose -i*h + 28 = -2*h. Let w = 22 - h. What is the units digit of w?
8
Suppose 5*d - 8 = 3*d. Suppose v - 14 = 5*c + 6, 114 = d*v - 3*c. What is the units digit of v/(6/2) - 2?
8
Let f(k) = -k + 1. Let m be f(3). Let r(j) = j**3 + 3*j**2 - 5*j - 2. Let y be r(-4). What is the units digit of (-2 - -15) + m/y?
2
Suppose 2*o - 6 = 0, 2*i - 2 - 25 = -3*o. Suppose i = 3*q - 3, 5*n + q - 244 = 0. What is the tens digit of n?
4
Let v be (-9)/(-3) + -1 + -31. Let i be (-6)/(-30) + v/(-5). Suppose -5*b - z = -21, 2*b + 2*z - 4 = i*z. What is the units digit of b?
4
What is the units digit of (-14)/12*12/(-2)?
7
What is the units digit of (2 - 0)/((-4)/(-306))?
3
Let l = 19 + -9. Let x = -6 + l. Suppose f + 4*w - 8 = 0, w + x*w = 3*f - 7. What is the units digit of f?
4
Let n = -17 - -48. What is the tens digit of (n - 7)/(6/4)?
1
Let w = 115 + -66. What is the units digit of w?
9
Let z(u) = -u**2 - 5*u + 2. Let s = -2 - 3. What is the units digit of z(s)?
2
Let r(a) = -a**2 + 7*a - 5. Let o be r(4). Let i = o + -6. What is the units digit of i?
1
Let g(d) = -d**3 - 5*d**2 + 7*d - 7. Let q be g(-6). Let l = 37 + q. What is the tens digit of l?
2
Let h be ((-2)/8)/((-2)/8). Let l = 3 + h. Suppose 3*j = q, -2*q + l = -3*q + 4*j. What is the units digit of q?
2
Let c(z) = 2*z**2 - 10*z - 11. What is the units digit of c(8)?
7
Suppose 2*m = 3*q - 4*q + 12, 0 = -4*m + 4. Let z = q - -15. What is the units digit of z?
5
Let q(m) = 2*m**3 - 4*m + 2. What is the units digit of q(5)?
2
Let k = 82 - 56. Let j be k/8 + 3/4. Let s(y) = 2*y**2 - 4*y + 2. What is the units digit of s(j)?
8
Let j(z) = z**2 - 6*z - 7. Let h be j(8). Let g = 26 - h. What is the tens digit of g?
1
Suppose 0 = 8*w - 9*w + 7. What is the units digit of w?
7
Suppose 6 = 3*j - 0. Suppose -r - 3*q = -12, 5*r + q = j*r + 68. What is the units digit of r?
4
Let s(f) be the second derivative of f**4/12 - f**3 + 2*f**2 + 2*f. What is the units digit of s(6)?
4
Suppose -a - 4*a = 15. Let w = a + 1. Let t = w - -4. What is the units digit of t?
2
Let t(u) = 44*u**3 + u - 1. Let i be t(1). What is the units digit of (i/6 - 0)*3?
2
Let j(v) = v**2 + v - 4. Let n be j(-3). What is the units digit of 4/((-1)/n*-1)?
8
Suppose -4*u + 34 = 3*y - 73, 2 = u. What is the units digit of y?
3
Suppose y = -2*w - 0*w + 9, 3*w = -y + 11. Suppose -y*b + 100 = -15. What is the units digit of b?
3
Let v be 263/9 - (-34)/(-153). Let b(m) = 2*m. Let x be b(-5). Let i = x + v. What is the units digit of i?
9
What is the tens digit of (-124)/(-5)*5/2?
6
Let c = 258 + -131. What is the hundreds digit of c?
1
Let h(q) = q**3 + 5*q**2 - 2*q - 4. Let l be h(-5). Let r(c) = -c**3 + 6*c**2 - 5*c. Let m be r(5). Suppose m = -a + 18 - l. What is the tens digit of a?
1
Let u(i) = i**3 - 5*i**2 + 2. Let b be u(5). Let t(g) = 4 + 5 - 10 - b*g. What is the units digit of t(-4)?
7
Suppose 25 + 3 = 2*u. What is the tens digit of u?
1
Let j(x) = -3*x**2 - 18*x + 19. Let l(c) = c**2 + 6*c - 6. Let y(w) = 2*j(w) + 7*l(w). Let r be y(-6). Let k = r + 9. What is the units digit of k?
5
Let r = 5 - 10. What is the units digit of 1*r*(-1)/1?
5
Let y(i) = -21*i + 7. Let f be y(-4). Suppose -2*z - 13 = -f. What is the units digit of z?
9
Let i = -5 - -3. Let s(b) = -b**3 + 5*b**2 - 4*b + 4. Let o be s(4). What is the tens digit of (-31)/i - (-6)/o?
1
Let y = 24 - 19. What is the units digit of y?
5
Suppose o - 5*k - 26 = 0, 3*k + 12 + 0 = 0. What is the units digit of (-136)/(-14) - o/(-21)?
0
Suppose 0*a + 2*a - 38 = 0. Suppose 0 = 2*s - 22 - 38. Let d = s - a. What is the units digit of d?
1
Let v be 2/1 + -2 - -8. Let i = -5 + v. Suppose -5 + 0 = -5*r + 5*q, i*q = 15. What is the units digit of r?
6
Suppose 0 = -2*p + 5*x - 0*x + 45, 0 = 4*p - x - 117. What is the tens digit of p?
3
Let c(s) = -3*s**3 + 4*s**2 + 2*s - 7. What is the tens digit of c(-4)?
4
Let y = -32 + 115. Suppose -5*u + 205 = -3*x, -2*u - x + 2*x + y = 0. What is the units digit of u?
4
Let g(r) = -7*r**3 - r**2 + r + 1. Let m be g(-1). Suppose m*f - 90 = f. What is the tens digit of f?
1
Let l(y) = y**2 + y - 5. Let m be l(-4). Suppose 0*n - 2*n = -b - m, -n + b = -1. What is the units digit of n?
6
Suppose 0 = -5*v - 0*v + 25. Suppose 0 = 3*t, -o + v*t + 12 = 3*o. Suppose 0 = -m + o + 1. What is the units digit of m?
4
Let k(p) = -4*p**3 + p**2 + p + 1. Let c be k(-1). Suppose 2*s + 2*s = 12. Suppose s*o - c*o = -2. What is the units digit of o?
1
Let q(o) = 3*o**2 - o - 1. Let n be 5/2 + (-4)/(-8). What is the tens digit of q(n)?
2
Let r(i) = 2*i**2 - 5*i**2 + i**2 - 5 + 3*i**2 + 4*i. What is the units digit of r(5)?
0
Suppose -2*f - 4*w = 16, -4*f + 5*w + 2 = -5. Suppose -2*i + 17 = -9. Let p = f + i. What is the tens digit of p?
1
Let t(h) = -h**2 + 5*h + 3. Let d be t(4). Suppose d = -k + 3*n, k + k = -n + 7. Suppose k*v = 3 + 5. What is the units digit of v?
4
Let k(a) = -a**3 + 6*a**2 - 3. What is the units digit of k(5)?
2
Suppose u - 3 = -1. What is the units digit of u?
2
Suppose 0*g = -4*g + 40. What is the units digit of g?
0
Let g(s) be the third derivative of s**5/30 + s**4/12 - 2*s**3/3 - 3*s**2. What is the tens digit of g(3)?
2
Suppose 70 = 6*c - 4*c. What is the tens digit of c?
3
Let j(z) = 26*z**2 + 3*z + 6. What is the units digit of j(-2)?
4
Suppose -4*d + 7 = -5. Suppose -2*h = -2*z + 26, z + d*z + 5*h = 34. What is the tens digit of z?
1
What is the units digit of 8 - 2/6*-3?
9
Let n be ((-6)/(-4))/(2/4). Let c(h) = 2*h**2 - 3*h. Let k be c(n). Suppose -5*f + 1 = -k. What is the units digit of f?
2
Let j = -18 - -42. Let p(i) = -i**2 - 5*i - 4. Let s be p(-3). Suppose s*w + w = j. What is the units digit of w?
8
Suppose v - 197 = 5*j, -4*v - 3*j = j - 716. What is the hundreds digit of v?
1
What is the units digit of 28/14*(-1)/(-1)?
2
Let k be 6/(-4)*32/(-12). Suppose -k*v - 72 = -2*r + 10, 4*v - 104 = -4*r. What is the tens digit of r?
3
Suppose 4*w = 2*s + 